 11. Determine j(u).
-12
Suppose -g + 2*g = 5*k - 3, 4*k + 4*g = 12. Suppose -8 = -0*w - 4*w. Let c(h) = -2 + 5*h**w + h + 2 - 1. Calculate c(k).
5
Let i be (6 - 1) + (-2)/1. Suppose -8 = -i*a + a. Let h(k) = 6 - 5 + k - 5. Give h(a).
0
Let y(q) = -q + 36 - 15 - 25. What is y(-6)?
2
Let t(n) = n**3 + 4*n**2 - 6*n - 3. Let j = -13 + 8. Let s be t(j). Let x(f) be the third derivative of f**4/8 - f**3/2 + 2*f**2. Give x(s).
3
Let l(t) = 2*t**2 + t + 1. Let o(n) = -n**2 - n - 1. Let p(b) = -2*l(b) - 3*o(b). Give p(-3).
-11
Let v(i) = -i**3 + 4*i**2 - 3*i - 2. Let w be 30/9 + (-2)/6. Determine v(w).
-2
Let s(i) = 1 - 2 - 14*i + 24*i - 7*i. Let l be (0/2 + -1)/1. Calculate s(l).
-4
Let b(z) = z**3 - 4*z**2 + 3*z + 2. Let t(g) = g**3 + 7*g**2 + 3*g. Let s be t(-6). Let y = -15 + s. Give b(y).
2
Let p(k) be the first derivative of k**2 + 23. Calculate p(4).
8
Suppose 4*i - 7*i + 6 = 0. Suppose -2*b = 3*b - 15. Let o(j) = 2*j**i + j**3 - 4*j**2 + 0*j**3 - b*j + 0*j. Calculate o(-2).
-10
Let j be (-1 - 1)*(-2)/4. Let r(l) = -12*l**3 + l**2 + l - 1. Give r(j).
-11
Let o = 4 + -3. Let f = o - -3. Let a(u) = -3*u + 4*u - 5 + u. Give a(f).
3
Let c(p) = -p**3 + 5*p**2 - 3*p + 6. Let d be (-352)/20 + (-2)/5. Let t be 4/18 + (-68)/d. Determine c(t).
10
Suppose 5*w + 22 = s + 4, -12 = 3*w - s. Let b be 6/(-1) - w - -1. Let v(q) = 4 - 5 + q + 2. What is v(b)?
-1
Let s(v) = -v**3 + 5*v**2 - v + 5. Let q(t) = 5*t**3 - 19*t**2 + 4*t - 19. Let r(f) = 2*q(f) + 9*s(f). What is r(-7)?
14
Let z(d) be the third derivative of d**6/120 + 2*d**5/15 - d**4/3 + 3*d**3/2 + 2*d**2 + 11. Give z(-9).
0
Let c(l) = l - 6. Let o = -204 - -211. Determine c(o).
1
Let a(l) = 2*l - 8. Let f(n) = 3 - 1 - 3. Let m(k) = a(k) - 4*f(k). Calculate m(4).
4
Let o = -13 - -13. Let w(g) = g**3 + g**2 - 3. Give w(o).
-3
Let f(x) be the second derivative of x**4/24 - 5*x**3/6 + x**2/2 - x. Let o(p) be the first derivative of f(p). Suppose 4*y + 0 = 20. Give o(y).
0
Suppose 56 - 14 = 7*h. Let x(f) be the first derivative of -f**4/4 + 5*f**3/3 + 4*f**2 - 2*f - 2. Give x(h).
10
Suppose -2*k + 6 = 0, 24 = -0*c + 3*c - 3*k. Let n(t) = 5*t + 1 - 6*t + c + 0*t. What is n(6)?
6
Let i(p) be the second derivative of p**5/40 - p**4/8 + p**3/3 - 2*p. Let y(f) be the second derivative of i(f). Suppose -5*q + 9 = -2*q. Determine y(q).
6
Let g(a) = 4*a**3 + 1. Suppose 2*t = 5*k + 23, -4*k = -4*t + 17 + 47. Suppose 4*p + t = -o, p + 2 = 2*o - 5. Give g(o).
5
Let v(h) = -6 + 1 - 2 - 5*h. Let o(s) = s + 1. Let g(m) = 6*o(m) + v(m). Determine g(-3).
-4
Suppose 0 = -l + 5*x - 5, -x + 27 = 2*l + 3*l. Suppose -l*i - 2 = -3*i + 5*t, 2*t - 16 = -5*i. Let b(j) = j**3 - 3*j**2 - 3*j + 2. Determine b(i).
6
Let r = 0 + -1. Let n(f) be the first derivative of -f**7/168 - f**4/24 - 2*f**3/3 + 1. Let x(i) be the third derivative of n(i). Calculate x(r).
4
Let y(t) be the first derivative of t**2 - t + 7/3*t**3 + 2. Determine y(1).
8
Suppose -r - 2 = 2*r - 2*h, 3*r + 4*h + 14 = 0. Let w(k) = -3*k - 2. Give w(r).
4
Let i(z) be the first derivative of z**5/120 - z**4/8 + 2*z**3 + 3. Let t(v) be the third derivative of i(v). Let r = 10 - 7. Determine t(r).
0
Let f(b) = b**3 + 6*b**2 + 7*b + 4. Let u(m) = m - 12. Suppose 0*y + 5*y - 4*v = 20, -50 = -5*y - 2*v. Let c be u(y). What is f(c)?
8
Suppose 0 = 3*q - 8*q + 25. Let n(o) = -o + 7. What is n(q)?
2
Let f(r) = 7*r + 10. Let k(s) = 8*s + 11. Let j(y) = 7*f(y) - 6*k(y). Suppose -4*l + 2*n = 24, -l - 5*n = 4*l + 15. Calculate j(l).
-1
Let n(i) be the first derivative of -i**2 - 2 - i + 2/3*i**3. Let f = 4 + -2. Give n(f).
3
Let a(r) = -6*r - 3. Let i = -35 + 31. What is a(i)?
21
Let m(y) = -y + 7. Let o be m(4). Let x be (7/(-14))/(2/(-12)). Let b(j) = 2*j - 4*j + 1 + 7*j - x - 5*j**2 + j**3. Calculate b(o).
-5
Let w(x) = x**2 + x - 2. Let q be (18/(-4))/(1/2). Let o = q - -11. Determine w(o).
4
Let w(o) be the third derivative of 1/24*o**4 + 0 + 1/30*o**5 + 0*o**3 - 3*o**2 + 0*o. Determine w(2).
10
Let y(w) = -w**2 + 6 + 0 + 5*w - 5. Let c(z) be the first derivative of -z**2/2 + 4*z + 1. Let b be c(0). Determine y(b).
5
Let y(r) = 7*r - 7*r + r**2 - 5 + 14. What is y(0)?
9
Let d(s) = s**2 - 9*s + 13. Let f(u) = 10*u - 2. Let b be f(1). Let c be d(b). Let h(z) = z**3 - 5*z**2 - 3*z + 4. Give h(c).
-11
Let k = 33 + -19. Suppose 3*o = -r + 4*r + 15, 4*o - 2*r - k = 0. Let c be o/(-2)*(4 + -9). Let a(y) = -y**2 + 5*y - 3. Determine a(c).
-3
Let q(u) = 3*u - 4*u - 4 - u. Let n(c) = c**3 + 7*c**2 + 4. Let g be n(-3). Suppose 5*w = 5*j + g, 0 = -4*j + w - 3*w - 2. What is q(j)?
2
Let y(h) = 8 + 3*h - 5 + h**2 - 2*h**2. Determine y(3).
3
Let i(j) = 2*j + 2. Suppose 4*w - 4*v = 6*w + 2, -13 = w - 4*v. Calculate i(w).
-8
Let s(w) = -w**2 + 4*w - 4. Let k be ((-9)/6)/(3/(-50)). Suppose 0 = 5*j - k. Give s(j).
-9
Let k(a) = -7*a**2 - a + 6. Let m(r) = 20*r**2 + 4*r - 17. Let h(w) = -17*k(w) - 6*m(w). Give h(-8).
-8
Suppose -4*v - 2 = -5*v. Let f(y) = y**3 - 4*y**2 - 3*y - 2. Let d be f(5). Let n(t) = t**v + d*t**3 + 3 - 3 + 0*t**2. Give n(1).
9
Let i(x) = -5*x**3 - 10*x**2 - 2*x + 5. Let g(a) = 9*a**3 + 19*a**2 + 5*a - 10. Let u(v) = -4*g(v) - 7*i(v). Give u(-5).
10
Let u(d) = d + 7 - 1 + 0 - 4. Let f be u(-7). Let n(m) = -m**3 - 6*m**2 - 8*m - 5. Calculate n(f).
10
Let z(k) = -k**2 + 5*k - 4. Suppose -28 = -5*f - 2*f. Calculate z(f).
0
Let z(j) be the second derivative of j**4/12 + 5*j**3/6 + 2*j**2 - 5*j. Determine z(-3).
-2
Let w(v) = -v**3 + 2*v**2 - v - 2. Let l(o) = o + 3. Let k be l(-1). Determine w(k).
-4
Let w be -1*2 - -2*3. Let x(o) = -2*o**3 - 5*o**2 + 7*o - 7. Let h(v) = v**3 + 5*v**2 - 6*v + 6. Let y(r) = -3*h(r) - 2*x(r). What is y(w)?
-4
Let k(s) = -s**2 + 8*s - 1. Let o(p) = 9*p**2 - 2*p. Let m be o(1). Calculate k(m).
6
Suppose 3*p + 12 = 5*p. Let n(h) = -11*h**3 + h**2 - 13*h + 4. Let f(k) = 5*k**3 + 6*k - 2. Let r(c) = -13*f(c) - 6*n(c). What is r(p)?
2
Let v(t) = 4*t + 0*t**3 + t**3 + 0*t**3 - 7*t**2 + 8. What is v(6)?
-4
Let r(t) = -6*t**3 - 5*t**2 - 13*t + 11. Let p(g) = 5*g**3 + 6*g**2 + 12*g - 11. Let c(w) = -5*p(w) - 4*r(w). Determine c(-9).
2
Let a(j) = 23 + 5*j - 10 + j**2 - 13. What is a(-6)?
6
Let j(d) = d**3 - 5*d**2 + 5. Let u = 5 - 1. What is j(u)?
-11
Suppose 0 = 10*d - 11*d + 4. Let x(g) be the second derivative of -5/12*g**4 + d*g + 1/2*g**3 - 1/2*g**2 + 0 + 1/20*g**5. What is x(4)?
-5
Let y(i) = i - 12. Let b(u) = -3*u - 6. Let q be b(-4). Give y(q).
-6
Let y(u) = -u + 1. Let l = -11 + 16. Let t = 4 - l. Give y(t).
2
Let b(p) = -2*p + 8. Suppose 0 = -5*n - k + 35, -n = -3*k + 7*k + 12. Determine b(n).
-8
Let l(n) = -n**3 + 4*n**2 + 4*n + 4. Let p be l(4). Let a(x) = -8 - 9 + x + p. Calculate a(-7).
-4
Let a(s) = s**2 - 9*s + 1. Let x be a(9). Let k(z) = -25*z**2 - z**3 + 2 + x + 26*z**2 + z. Calculate k(0).
3
Suppose 0 = g + 2*g + 9. Let v(y) be the second derivative of 5*y**4/24 + 2*y**3/3 + y**2/2 + 9*y. Let f(d) be the first derivative of v(d). What is f(g)?
-11
Let c(u) = u**2 - 3*u**2 + 3*u**2 - 4 - 5*u. What is c(5)?
-4
Suppose 0*q = 5*q - 25. Let m(i) be the second derivative of i**3/3 + 3*i**2 + 4*i. Let o(a) = -2*a - 5. Let r(v) = q*o(v) + 4*m(v). Give r(-4).
7
Let p(u) be the third derivative of -u**6/720 + u**5/20 + u**4/3 + u**2. Let g(a) be the second derivative of p(a). Give g(5).
1
Let r(p) be the first derivative of p**3/3 - 3*p - 25. What is r(-4)?
13
Let p(j) = -4*j - 16. Let n be p(-5). Let r(u) = u**3 - 2*u**2 - 7*u + 6. Determine r(n).
10
Let v(r) = -5*r**2 + 3 + 4*r**2 - 4. Suppose -5 = -2*x - 3*x. Give v(x).
-2
Suppose 25 = 8*r - 3*r. Let t = 8 - r. Let a(m) = -3*m + 2. Give a(t).
-7
Suppose -120*f = -115*f. Let o(l) = l**3 - l + 5. Give o(f).
5
Let q(t) = -t**2 - t - 2. Let l = -16 + 13. Calculate q(l).
-8
Let j(n) = -8*n - 1. Suppose 21 = 5*a + 6. Let r be a + 4*(-5 - -4). Give j(r).
7
Suppose -2 + 4 = h. Suppose 0 = -2*f + 2 - 0. Let n(z) = h - z + f - 4. Calculate n(-5).
4
Let b = -8 - -8. Let q(n) = -n**3 - 2. Calculate q(b).
-2
Let a(i) = 2*i**2 - i - 8. Let v be a(0). Let p(b) = -b**2 - 10*b - 9. Calculate p(v).
7
Let t(k) = k**2 - 3*k + 4. Suppose 0 = 2*j - 3*j + 2, -2*b + 12 = j. Suppose 4*m - f - 16 = 4*f, b*m = -5*f + 20. What is t(m)?
8
Let z(c) = -c**3 - 2*c**2 - 3*c - 2. Let f be z(-2). Let m(u) = 2*u + 0*u - f*u - 4